{"id":1968,"date":"2023-11-15T11:58:27","date_gmt":"2023-11-15T10:58:27","guid":{"rendered":"https:\/\/guepescontrole.fr\/?page_id=1968"},"modified":"2023-11-15T11:58:28","modified_gmt":"2023-11-15T10:58:28","slug":"mentions-legales","status":"publish","type":"page","link":"https:\/\/guepescontrole.fr\/index.php\/mentions-legales\/","title":{"rendered":"Mentions l\u00e9gales"},"content":{"rendered":"\n<div style=\"height:114px\" aria-hidden=\"true\" class=\"wp-block-spacer\"><\/div>\n\n\n\n<h1 class=\"wp-block-heading\"><strong>Mentions l\u00e9gales<\/strong><\/h1>\n\n\n\n<h3 class=\"wp-block-heading\">1. Informations g\u00e9n\u00e9rales<\/h3>\n\n\n\n<p>Ce site est \u00e9dit\u00e9 par Gu\u00eapes Controle Haguenau.<\/p>\n\n\n\n<p>Si\u00e8ge social : 61, Route de Forstheim 67500 , Haguenau, France<\/p>\n\n\n\n<p>Num\u00e9ro de t\u00e9l\u00e9phone : 06 77 80 39 84<\/p>\n\n\n\n<p>Adresse e-mail : Guepes-controlehaguenau@outlook.fr<\/p>\n\n\n\n<h3 class=\"wp-block-heading\">2. Responsabilit\u00e9<\/h3>\n\n\n\n<p>Le contenu de ce site est fourni \u00e0 titre informatif uniquement. Nous nous effor\u00e7ons de maintenir les informations \u00e0 jour et pr\u00e9cises, mais nous ne pouvons garantir leur exhaustivit\u00e9 ou leur exactitude. En cons\u00e9quence, nous d\u00e9clinons toute responsabilit\u00e9 quant \u00e0 l&#8217;utilisation ou l&#8217;interpr\u00e9tation des informations fournies sur ce site.<\/p>\n\n\n\n<h3 class=\"wp-block-heading\">3. Propri\u00e9t\u00e9 intellectuelle<\/h3>\n\n\n\n<p>Ce site et son contenu sont prot\u00e9g\u00e9s par les lois relatives \u00e0 la propri\u00e9t\u00e9 intellectuelle. Tous les droits de reproduction sont r\u00e9serv\u00e9s, y compris pour les documents t\u00e9l\u00e9chargeables et les repr\u00e9sentations iconographiques et photographiques. Toute reproduction, m\u00eame partielle, sans autorisation pr\u00e9alable \u00e9crite de notre part est strictement interdite.<\/p>\n\n\n\n<h3 class=\"wp-block-heading\">4. Liens externes<\/h3>\n\n\n\n<p>Ce site peut contenir des liens vers d&#8217;autres sites internet. Nous n&#8217;avons aucun contr\u00f4le sur le contenu de ces sites et d\u00e9clinons toute responsabilit\u00e9 quant \u00e0 leur contenu ou \u00e0 toute utilisation qui pourrait en \u00eatre faite.<\/p>\n\n\n\n<h3 class=\"wp-block-heading\">5. Protection des donn\u00e9es personnelles<\/h3>\n\n\n\n<p>Nous nous engageons \u00e0 respecter la confidentialit\u00e9 des informations personnelles que vous pourriez nous fournir. Les donn\u00e9es collect\u00e9es via ce site sont utilis\u00e9es uniquement dans le cadre des services que nous proposons et ne sont pas partag\u00e9es avec des tiers sans votre consentement pr\u00e9alable.<\/p>\n\n\n\n<h3 class=\"wp-block-heading\">6. Cookies<\/h3>\n\n\n\n<p>Ce site utilise des cookies pour am\u00e9liorer votre exp\u00e9rience de navigation. Vous pouvez contr\u00f4ler et g\u00e9rer les cookies via les param\u00e8tres de votre navigateur.<\/p>\n\n\n\n<h3 class=\"wp-block-heading\">juridiction<\/h3>\n\n\n\n<p>Tout litige en relation avec l&#8217;utilisation de ce site est soumis au droit applicable. En cas de litige, les tribunaux comp\u00e9tents seront ceux du ressort de Strasbourg.<\/p>\n\n\n\n<p>Pour toute question ou demande d&#8217;information suppl\u00e9mentaire concernant les mentions l\u00e9gales de ce site, veuillez nous contacter \u00e0 l&#8217;adresse e-mail mentionn\u00e9e ci-dessus.<\/p>\n","protected":false},"excerpt":{"rendered":"<p>Mentions l\u00e9gales 1. Informations g\u00e9n\u00e9rales Ce site est \u00e9dit\u00e9 par Gu\u00eapes Controle Haguenau. Si\u00e8ge social : 61, Route de Forstheim 67500 , Haguenau, France Num\u00e9ro de t\u00e9l\u00e9phone : 06 77 80 39 84 Adresse e-mail : Guepes-controlehaguenau@outlook.fr 2. Responsabilit\u00e9 Le contenu de ce site est fourni \u00e0 titre informatif uniquement. Nous nous effor\u00e7ons de maintenir&#8230;<\/p>\n","protected":false},"author":1,"featured_media":0,"parent":0,"menu_order":0,"comment_status":"closed","ping_status":"closed","template":"","meta":{"_kad_post_transparent":"","_kad_post_title":"","_kad_post_layout":"","_kad_post_sidebar_id":"","_kad_post_content_style":"","_kad_post_vertical_padding":"","_kad_post_feature":"","_kad_post_feature_position":"","_kad_post_header":false,"_kad_post_footer":false,"footnotes":""},"class_list":["post-1968","page","type-page","status-publish","hentry"],"yoast_head":"<!-- This site is optimized with the Yoast SEO plugin v25.7 - https:\/\/yoast.com\/wordpress\/plugins\/seo\/ -->\n<title>Mentions l\u00e9gales - Gu\u00eapes Controle<\/title>\n<meta name=\"robots\" content=\"index, follow, max-snippet:-1, max-image-preview:large, max-video-preview:-1\" \/>\n<link rel=\"canonical\" href=\"https:\/\/guepescontrole.fr\/index.php\/mentions-legales\/\" \/>\n<meta property=\"og:locale\" content=\"en_US\" \/>\n<meta property=\"og:type\" content=\"article\" \/>\n<meta property=\"og:title\" content=\"Mentions l\u00e9gales - Gu\u00eapes Controle\" \/>\n<meta property=\"og:description\" content=\"Mentions l\u00e9gales 1. Informations g\u00e9n\u00e9rales Ce site est \u00e9dit\u00e9 par Gu\u00eapes Controle Haguenau. Si\u00e8ge social : 61, Route de Forstheim 67500 , Haguenau, France Num\u00e9ro de t\u00e9l\u00e9phone : 06 77 80 39 84 Adresse e-mail : Guepes-controlehaguenau@outlook.fr 2. Responsabilit\u00e9 Le contenu de ce site est fourni \u00e0 titre informatif uniquement. Nous nous effor\u00e7ons de maintenir...\" \/>\n<meta property=\"og:url\" content=\"https:\/\/guepescontrole.fr\/index.php\/mentions-legales\/\" \/>\n<meta property=\"og:site_name\" content=\"Gu\u00eapes Controle\" \/>\n<meta property=\"article:publisher\" content=\"https:\/\/www.facebook.com\/profile.php?id=100063558369779\" \/>\n<meta property=\"article:modified_time\" content=\"2023-11-15T10:58:28+00:00\" \/>\n<meta name=\"twitter:card\" content=\"summary_large_image\" \/>\n<meta name=\"twitter:label1\" content=\"Est. reading time\" \/>\n\t<meta name=\"twitter:data1\" content=\"2 minutes\" \/>\n<script type=\"application\/ld+json\" class=\"yoast-schema-graph\">{\"@context\":\"https:\/\/schema.org\",\"@graph\":[{\"@type\":\"WebPage\",\"@id\":\"https:\/\/guepescontrole.fr\/index.php\/mentions-legales\/\",\"url\":\"https:\/\/guepescontrole.fr\/index.php\/mentions-legales\/\",\"name\":\"Mentions l\u00e9gales - Gu\u00eapes Controle\",\"isPartOf\":{\"@id\":\"https:\/\/guepescontrole.fr\/#website\"},\"datePublished\":\"2023-11-15T10:58:27+00:00\",\"dateModified\":\"2023-11-15T10:58:28+00:00\",\"breadcrumb\":{\"@id\":\"https:\/\/guepescontrole.fr\/index.php\/mentions-legales\/#breadcrumb\"},\"inLanguage\":\"en-US\",\"potentialAction\":[{\"@type\":\"ReadAction\",\"target\":[\"https:\/\/guepescontrole.fr\/index.php\/mentions-legales\/\"]}]},{\"@type\":\"BreadcrumbList\",\"@id\":\"https:\/\/guepescontrole.fr\/index.php\/mentions-legales\/#breadcrumb\",\"itemListElement\":[{\"@type\":\"ListItem\",\"position\":1,\"name\":\"Accueil\",\"item\":\"https:\/\/guepescontrole.fr\/\"},{\"@type\":\"ListItem\",\"position\":2,\"name\":\"Mentions l\u00e9gales\"}]},{\"@type\":\"WebSite\",\"@id\":\"https:\/\/guepescontrole.fr\/#website\",\"url\":\"https:\/\/guepescontrole.fr\/\",\"name\":\"Gu\u00eapes Controle Haguenau\",\"description\":\"Sp\u00e9cialiste destruction nids de gu\u00eapes et frelons\",\"publisher\":{\"@id\":\"https:\/\/guepescontrole.fr\/#organization\"},\"potentialAction\":[{\"@type\":\"SearchAction\",\"target\":{\"@type\":\"EntryPoint\",\"urlTemplate\":\"https:\/\/guepescontrole.fr\/?s={search_term_string}\"},\"query-input\":{\"@type\":\"PropertyValueSpecification\",\"valueRequired\":true,\"valueName\":\"search_term_string\"}}],\"inLanguage\":\"en-US\"},{\"@type\":\"Organization\",\"@id\":\"https:\/\/guepescontrole.fr\/#organization\",\"name\":\"Gu\u00eapes Controle Haguenau\",\"url\":\"https:\/\/guepescontrole.fr\/\",\"logo\":{\"@type\":\"ImageObject\",\"inLanguage\":\"en-US\",\"@id\":\"https:\/\/guepescontrole.fr\/#\/schema\/logo\/image\/\",\"url\":\"http:\/\/guepescontrole.fr\/wp-content\/uploads\/2023\/11\/cropped-cropped-logo_texte-1.png\",\"contentUrl\":\"http:\/\/guepescontrole.fr\/wp-content\/uploads\/2023\/11\/cropped-cropped-logo_texte-1.png\",\"width\":730,\"height\":292,\"caption\":\"Gu\u00eapes Controle Haguenau\"},\"image\":{\"@id\":\"https:\/\/guepescontrole.fr\/#\/schema\/logo\/image\/\"},\"sameAs\":[\"https:\/\/www.facebook.com\/profile.php?id=100063558369779\"]}]}<\/script>\n<!-- \/ Yoast SEO plugin. -->","yoast_head_json":{"title":"Mentions l\u00e9gales - Gu\u00eapes Controle","robots":{"index":"index","follow":"follow","max-snippet":"max-snippet:-1","max-image-preview":"max-image-preview:large","max-video-preview":"max-video-preview:-1"},"canonical":"https:\/\/guepescontrole.fr\/index.php\/mentions-legales\/","og_locale":"en_US","og_type":"article","og_title":"Mentions l\u00e9gales - Gu\u00eapes Controle","og_description":"Mentions l\u00e9gales 1. Informations g\u00e9n\u00e9rales Ce site est \u00e9dit\u00e9 par Gu\u00eapes Controle Haguenau. Si\u00e8ge social : 61, Route de Forstheim 67500 , Haguenau, France Num\u00e9ro de t\u00e9l\u00e9phone : 06 77 80 39 84 Adresse e-mail : Guepes-controlehaguenau@outlook.fr 2. Responsabilit\u00e9 Le contenu de ce site est fourni \u00e0 titre informatif uniquement. Nous nous effor\u00e7ons de maintenir...","og_url":"https:\/\/guepescontrole.fr\/index.php\/mentions-legales\/","og_site_name":"Gu\u00eapes Controle","article_publisher":"https:\/\/www.facebook.com\/profile.php?id=100063558369779","article_modified_time":"2023-11-15T10:58:28+00:00","twitter_card":"summary_large_image","twitter_misc":{"Est. reading time":"2 minutes"},"schema":{"@context":"https:\/\/schema.org","@graph":[{"@type":"WebPage","@id":"https:\/\/guepescontrole.fr\/index.php\/mentions-legales\/","url":"https:\/\/guepescontrole.fr\/index.php\/mentions-legales\/","name":"Mentions l\u00e9gales - Gu\u00eapes Controle","isPartOf":{"@id":"https:\/\/guepescontrole.fr\/#website"},"datePublished":"2023-11-15T10:58:27+00:00","dateModified":"2023-11-15T10:58:28+00:00","breadcrumb":{"@id":"https:\/\/guepescontrole.fr\/index.php\/mentions-legales\/#breadcrumb"},"inLanguage":"en-US","potentialAction":[{"@type":"ReadAction","target":["https:\/\/guepescontrole.fr\/index.php\/mentions-legales\/"]}]},{"@type":"BreadcrumbList","@id":"https:\/\/guepescontrole.fr\/index.php\/mentions-legales\/#breadcrumb","itemListElement":[{"@type":"ListItem","position":1,"name":"Accueil","item":"https:\/\/guepescontrole.fr\/"},{"@type":"ListItem","position":2,"name":"Mentions l\u00e9gales"}]},{"@type":"WebSite","@id":"https:\/\/guepescontrole.fr\/#website","url":"https:\/\/guepescontrole.fr\/","name":"Gu\u00eapes Controle Haguenau","description":"Sp\u00e9cialiste destruction nids de gu\u00eapes et frelons","publisher":{"@id":"https:\/\/guepescontrole.fr\/#organization"},"potentialAction":[{"@type":"SearchAction","target":{"@type":"EntryPoint","urlTemplate":"https:\/\/guepescontrole.fr\/?s={search_term_string}"},"query-input":{"@type":"PropertyValueSpecification","valueRequired":true,"valueName":"search_term_string"}}],"inLanguage":"en-US"},{"@type":"Organization","@id":"https:\/\/guepescontrole.fr\/#organization","name":"Gu\u00eapes Controle Haguenau","url":"https:\/\/guepescontrole.fr\/","logo":{"@type":"ImageObject","inLanguage":"en-US","@id":"https:\/\/guepescontrole.fr\/#\/schema\/logo\/image\/","url":"http:\/\/guepescontrole.fr\/wp-content\/uploads\/2023\/11\/cropped-cropped-logo_texte-1.png","contentUrl":"http:\/\/guepescontrole.fr\/wp-content\/uploads\/2023\/11\/cropped-cropped-logo_texte-1.png","width":730,"height":292,"caption":"Gu\u00eapes Controle Haguenau"},"image":{"@id":"https:\/\/guepescontrole.fr\/#\/schema\/logo\/image\/"},"sameAs":["https:\/\/www.facebook.com\/profile.php?id=100063558369779"]}]}},"_links":{"self":[{"href":"https:\/\/guepescontrole.fr\/index.php\/wp-json\/wp\/v2\/pages\/1968","targetHints":{"allow":["GET"]}}],"collection":[{"href":"https:\/\/guepescontrole.fr\/index.php\/wp-json\/wp\/v2\/pages"}],"about":[{"href":"https:\/\/guepescontrole.fr\/index.php\/wp-json\/wp\/v2\/types\/page"}],"author":[{"embeddable":true,"href":"https:\/\/guepescontrole.fr\/index.php\/wp-json\/wp\/v2\/users\/1"}],"replies":[{"embeddable":true,"href":"https:\/\/guepescontrole.fr\/index.php\/wp-json\/wp\/v2\/comments?post=1968"}],"version-history":[{"count":2,"href":"https:\/\/guepescontrole.fr\/index.php\/wp-json\/wp\/v2\/pages\/1968\/revisions"}],"predecessor-version":[{"id":1972,"href":"https:\/\/guepescontrole.fr\/index.php\/wp-json\/wp\/v2\/pages\/1968\/revisions\/1972"}],"wp:attachment":[{"href":"https:\/\/guepescontrole.fr\/index.php\/wp-json\/wp\/v2\/media?parent=1968"}],"curies":[{"name":"wp","href":"https:\/\/api.w.org\/{rel}","templated":true}]}}